r when 4995 is divided by 200.
195
What is the remainder when 94 is divided by 28?
10
Calculate the remainder when 126 is divided by 24.
6
Calculate the remainder when 123 is divided by 76.
47
What is the remainder when 897 is divided by 13?
0
Calculate the remainder when 271 is divided by 72.
55
Calculate the remainder when 382 is divided by 46.
14
Calculate the remainder when 90 is divided by 23.
21
Calculate the remainder when 190 is divided by 39.
34
What is the remainder when 249 is divided by 63?
60
Calculate the remainder when 1017 is divided by 7.
2
Calculate the remainder when 107 is divided by 82.
25
What is the remainder when 156 is divided by 149?
7
Calculate the remainder when 6750 is divided by 157.
156
What is the remainder when 375 is divided by 122?
9
What is the remainder when 103 is divided by 30?
13
Calculate the remainder when 10504 is divided by 6.
4
What is the remainder when 97 is divided by 25?
22
What is the remainder when 1251 is divided by 12?
3
Calculate the remainder when 360 is divided by 28.
24
Calculate the remainder when 1920 is divided by 17.
16
Calculate the remainder when 219 is divided by 58.
45
Calculate the remainder when 6020 is divided by 27.
26
What is the remainder when 64 is divided by 11?
9
What is the remainder when 1016 is divided by 60?
56
Calculate the remainder when 129 is divided by 44.
41
What is the remainder when 635 is divided by 58?
55
Calculate the remainder when 624 is divided by 45.
39
What is the remainder when 3075 is divided by 1?
0
What is the remainder when 54 is divided by 14?
12
Calculate the remainder when 420 is divided by 55.
35
What is the remainder when 2363 is divided by 5?
3
What is the remainder when 992 is divided by 47?
5
What is the remainder when 982 is divided by 89?
3
What is the remainder when 117 is divided by 42?
33
What is the remainder when 1278 is divided by 634?
10
Calculate the remainder when 57 is divided by 30.
27
Calculate the remainder when 591 is divided by 188.
27
Calculate the remainder when 25189 is divided by 413.
409
Calculate the remainder when 467 is divided by 39.
38
Calculate the remainder when 1562 is divided by 34.
32
What is the remainder when 740 is divided by 125?
115
Calculate the remainder when 2380 is divided by 59.
20
What is the remainder when 355 is divided by 21?
19
What is the remainder when 255 is divided by 86?
83
Calculate the remainder when 308 is divided by 21.
14
Calculate the remainder when 220 is divided by 92.
36
What is the remainder when 68 is divided by 10?
8
Calculate the remainder when 298 is divided by 13.
12
Calculate the remainder when 310 is divided by 60.
10
Calculate the remainder when 62 is divided by 7.
6
Calculate the remainder when 19576 is divided by 44.
40
What is the remainder when 762 is divided by 748?
14
Calculate the remainder when 377 is divided by 87.
29
What is the remainder when 111 is divided by 49?
13
What is the remainder when 44 is divided by 4?
0
Calculate the remainder when 288 is divided by 82.
42
Calculate the remainder when 47 is divided by 45.
2
Calculate the remainder when 753 is divided by 261.
231
What is the remainder when 41 is divided by 36?
5
What is the remainder when 46375 is divided by 22?
21
Calculate the remainder when 176 is divided by 48.
32
What is the remainder when 5073 is divided by 145?
143
Calculate the remainder when 170 is divided by 46.
32
Calculate the remainder when 81 is divided by 29.
23
What is the remainder when 537 is divided by 34?
27
What is the remainder when 264 is divided by 109?
46
What is the remainder when 6648 is divided by 38?
36
What is the remainder when 1190 is divided by 1181?
9
Calculate the remainder when 182 is divided by 21.
14
What is the remainder when 828 is divided by 32?
28
What is the remainder when 181 is divided by 4?
1
Calculate the remainder when 575 is divided by 6.
5
What is the remainder when 300 is divided by 79?
63
What is the remainder when 121 is divided by 42?
37
What is the remainder when 1452 is divided by 232?
60
What is the remainder when 1594 is divided by 21?
19
Calculate the remainder when 81394 is divided by 9.
7
What is the remainder when 209 is divided by 37?
24
Calculate the remainder when 22840 is divided by 18.
16
Calculate the remainder when 84 is divided by 2.
0
What is the remainder when 8 is divided by 4?
0
Calculate the remainder when 1210 is divided by 121.
0
What is the remainder when 1813 is divided by 206?
165
What is the remainder when 5534 is divided by 13?
9
Calculate the remainder when 1338 is divided by 249.
93
Calculate the remainder when 160 is divided by 6.
4
Calculate the remainder when 1068 is divided by 25.
18
Calculate the remainder when 326 is divided by 68.
54
What is the remainder when 122 is divided by 94?
28
What is the remainder when 1096 is divided by 122?
120
What is the remainder when 310 is divided by 165?
145
What is the remainder when 544 is divided by 58?
22
What is the remainder when 1302 is divided by 45?
42
Calculate the remainder when 1401 is divided by 92.
21
Calculate the remainder when 568 is divided by 270.
28
Calculate the remainder when 238 is divided by 24.
22
Calculate the remainder when 75 is divided by 60.
15
What is the remainder when 446 is divided by 76?
66
Calculate the remainder when 1535 is divided by 35.
30
What is the remainder when 512 is divided by 129?
125
What is the remainder when 132 is divided by 34?
30
Calculate the remainder when 978 is divided by 20.
18
Calculate the remainder when 609 is divided by 17.
14
What is the remainder when 564 is divided by 113?
112
Calculate the remainder when 700 is divided by 16.
12
Calculate the remainder when 6958 is divided by 10.
8
What is the remainder when 207 is divided by 21?
18
Calculate the remainder when 1567 is divided by 151.
57
Calculate the remainder when 599 is divided by 149.
3
What is the remainder when 14778 is divided by 77?
71
What is the remainder when 353 is divided by 95?
68
What is the remainder when 3656 is divided by 76?
8
Calculate the remainder when 770 is divided by 40.
10
What is the remainder when 50 is divided by 4?
2
What is the remainder when 175 is divided by 22?
21
What is the remainder when 76 is divided by 29?
18
What is the remainder when 238 is divided by 27?
22
What is the remainder when 118 is divided by 95?
23
What is the remainder when 665 is divided by 134?
129
What is the remainder when 898 is divided by 12?
10
Calculate the remainder when 146 is divided by 39.
29
Calculate the remainder when 2321 is divided by 52.
33
What is the remainder when 1158 is divided by 61?
60
What is the remainder when 696 is divided by 3?
0
What is the remainder when 666 is divided by 169?
159
What is the remainder when 397 is divided by 50?
47
What is the remainder when 175 is divided by 9?
4
Calculate the remainder when 741 is divided by 149.
145
What is the remainder when 19 is divided by 7?
5
What is the remainder when 420 is divided by 89?
64
What is the remainder when 921 is divided by 130?
11
What is the remainder when 144 is divided by 21?
18
What is the remainder when 93 is divided by 31?
0
Calculate the remainder when 804 is divided by 88.
12
Calculate the remainder when 404 is divided by 81.
80
What is the remainder when 1565 is divided by 155?
15
Calculate the remainder when 1898 is divided by 190.
188
Calculate the remainder when 339 is divided by 89.
72
Calculate the remainder when 236 is divided by 92.
52
Calculate the remainder when 374 is divided by 30.
14
What is the remainder when 6904 is divided by 266?
254
Calculate the remainder when 214 is divided by 209.
5
Calculate the remainder when 460 is divided by 86.
30
Calculate the remainder when 61 is divided by 36.
25
What is the remainder when 497 is divided by 20?
17
Calculate the remainder when 365 is divided by 121.
2
Calculate the remainder when 428 is divided by 27.
23
What is the remainder when 1054 is divided by 2?
0
Calculate the remainder when 660 is divided by 134.
124
Calculate the remainder when 73 is divided by 19.
16
What is the remainder when 961 is divided by 63?
16
Calculate the remainder when 269 is divided by 16.
13
Calculate the remainder when 1646 is divided by 29.
22
Calculate the remainder when